{"id":1138,"date":"2020-03-07T00:20:41","date_gmt":"2020-03-07T06:20:41","guid":{"rendered":"https:\/\/imperfester.com.mx\/tienda\/product\/import-placeholder-for-1495\/"},"modified":"2026-02-27T16:02:45","modified_gmt":"2026-02-27T22:02:45","slug":"festermix","status":"publish","type":"product","link":"https:\/\/imperfester.com.mx\/tienda\/product\/festermix\/","title":{"rendered":"FESTERMIX"},"content":{"rendered":"<div class=\"product__descriptionText\">\n<p>Compuesto de color transparente\/gris\u00e1ceo, que activa la hidrataci\u00f3n del cemento P\u00f3rtland, reduciendo el tiempo de fraguado y aumentando la resistencia a la compresi\u00f3n del concreto a cortas edades (de 24 horas en adelante)<\/p>\n<p>\u00a0<\/p>\n<p><b>USOS<\/b><\/p>\n<ul>\n<li>En obras donde se requiera rapidez de movimiento de cimbra.<\/li>\n<li>En climas con bajas temperaturas.<\/li>\n<li>En concretos para elementos pre-colados como: tubos, durmientes, guarniciones, entre otros.<\/li>\n<\/ul>\n<p>\u00a0<\/p>\n<p><b>VENTAJAS<\/b><\/p>\n<ul>\n<li>Acorta el tiempo de fraguado y acelera la obtenci\u00f3n de resistencia a la compresi\u00f3n del concreto.<\/li>\n<li>Permite retirar la cimbra del concreto en menos tiempo brindando ahorros en renta o uso de cimbra.<\/li>\n<\/ul>\n<p>\u00a0<\/p>\n<p><b>NORMA<\/b><\/p>\n<p>Cumple con las normas ASTM-C 494 tipo C y NMX C-255-ONNCCE tipo C<\/p>\n<p><b><br \/>PRESENTACI\u00d3N<\/b><\/p>\n<ul>\n<li>Bote 4L<\/li>\n<li>Cubeta 19L<\/li>\n<li>Tambo 200L<\/li>\n<\/ul>\n<\/div>\n<div class=\"product__benefits\">\n<p tabindex=\"-1\">\u00a0<\/p>\n<p id=\"beneficios-1\" class=\"product__benefitsTitle\" tabindex=\"-1\"><strong>BENEFICIOS<\/strong><\/p>\n<div class=\"product__benefitsList\">\n<ul>\n<li>Acelera el tiempo de fraguado inicial del concreto.<\/li>\n<li>Permite retirar la cimbra en menos tiempo.<\/li>\n<li>Permite la fabricaci\u00f3n de concreto a bajas temperaturas (5 \u00b0C en adelante)<\/li>\n<\/ul>\n<\/div>\n<\/div>\n","protected":false},"excerpt":{"rendered":"<p>Aditivo acelera fraguado inicial incrementa resistencia<\/p>\n","protected":false},"featured_media":449,"comment_status":"open","ping_status":"closed","template":"","meta":{"_joinchat":[]},"product_brand":[],"product_cat":[137,149],"product_tag":[54,517],"class_list":{"0":"post-1138","1":"product","2":"type-product","3":"status-publish","4":"has-post-thumbnail","6":"product_cat-auxiliares-y-aditivos-para-concreto","7":"product_cat-festermix","8":"product_tag-4-l","9":"product_tag-bote","11":"first","12":"instock","13":"taxable","14":"shipping-taxable","15":"purchasable","16":"product-type-simple"},"jetpack_sharing_enabled":true,"_links":{"self":[{"href":"https:\/\/imperfester.com.mx\/tienda\/wp-json\/wp\/v2\/product\/1138","targetHints":{"allow":["GET"]}}],"collection":[{"href":"https:\/\/imperfester.com.mx\/tienda\/wp-json\/wp\/v2\/product"}],"about":[{"href":"https:\/\/imperfester.com.mx\/tienda\/wp-json\/wp\/v2\/types\/product"}],"replies":[{"embeddable":true,"href":"https:\/\/imperfester.com.mx\/tienda\/wp-json\/wp\/v2\/comments?post=1138"}],"wp:featuredmedia":[{"embeddable":true,"href":"https:\/\/imperfester.com.mx\/tienda\/wp-json\/wp\/v2\/media\/449"}],"wp:attachment":[{"href":"https:\/\/imperfester.com.mx\/tienda\/wp-json\/wp\/v2\/media?parent=1138"}],"wp:term":[{"taxonomy":"product_brand","embeddable":true,"href":"https:\/\/imperfester.com.mx\/tienda\/wp-json\/wp\/v2\/product_brand?post=1138"},{"taxonomy":"product_cat","embeddable":true,"href":"https:\/\/imperfester.com.mx\/tienda\/wp-json\/wp\/v2\/product_cat?post=1138"},{"taxonomy":"product_tag","embeddable":true,"href":"https:\/\/imperfester.com.mx\/tienda\/wp-json\/wp\/v2\/product_tag?post=1138"}],"curies":[{"name":"wp","href":"https:\/\/api.w.org\/{rel}","templated":true}]}}