{"id":1016,"date":"2020-03-07T00:19:44","date_gmt":"2020-03-07T06:19:44","guid":{"rendered":"https:\/\/imperfester.com.mx\/tienda\/product\/import-placeholder-for-1373\/"},"modified":"2026-02-27T17:01:42","modified_gmt":"2026-02-27T23:01:42","slug":"festalum","status":"publish","type":"product","link":"https:\/\/imperfester.com.mx\/tienda\/product\/festalum\/","title":{"rendered":"FESTALUM 19L"},"content":{"rendered":"<div class=\"product__descriptionText\">\n<p>Recubrimiento base solvente de baja viscosidad, formulado con asfaltos seleccionados y pasta de aluminio que le proporciona alta reflectividad brindando protecci\u00f3n a los sistemas impermeables asf\u00e1lticos.<\/p>\n<p>\u00a0<\/p>\n<p><b>USOS<\/b><\/p>\n<ul>\n<li>Proteger sistemas impermeables asf\u00e1lticos.<\/li>\n<li>Como cubierta reflectiva y anticorrosiva sobre superficies met\u00e1licas en: techos de l\u00e1mina, tanques (cuando no se tenga la necesidad de resistir condiciones de abrasi\u00f3n o derrames de solventes).<\/li>\n<\/ul>\n<p>\u00a0<\/p>\n<p><b>RENDIMIENTO<\/b><\/p>\n<p>De 6 a 8 m\u00b2\/L<\/p>\n<p>\u00a0<\/p>\n<p><b>VENTAJAS<\/b><\/p>\n<ul>\n<li>Reduce la transmisi\u00f3n de calor hacia los interiores.<\/li>\n<li>Evita el deterioro prematuro de la capa impermeable provocado por los rayos solares (reflectancia mayor al 70%).<\/li>\n<li>Brinda protecci\u00f3n anticorrosiva.<\/li>\n<\/ul>\n<p>\u00a0<\/p>\n<p><b>NORMA<\/b><\/p>\n<p>Cumple con la norma : ASTM D2824-06 Standard Specification for Aluminum-Pigmented Asphalt Roof Coatings, Nonfibered, Asbestos Fibered, and Fibered without Asbestos<\/p>\n<p>\u00a0<\/p>\n<p><b>PRESENTACI\u00d3N<\/b><\/p>\n<ul>\n<li>Bote 4L<\/li>\n<li>Cubeta 19L<\/li>\n<\/ul>\n<\/div>\n<div class=\"product__benefits\">\n<p tabindex=\"-1\">\u00a0<\/p>\n<p id=\"beneficios-1\" class=\"product__benefitsTitle\" tabindex=\"-1\"><strong>BENEFICIOS<\/strong><\/p>\n<div class=\"product__benefitsList\">\n<ul>\n<li>Reduce la transmisi\u00f3n de calor hacia los interiores.<\/li>\n<li>Evita el deterioro prematuro de la capa impermeable provocado por los rayos solares (reflectancia mayor al 70%)<\/li>\n<li>Brinda protecci\u00f3n anticorrosivo.<\/li>\n<\/ul>\n<\/div>\n<\/div>\n","protected":false},"excerpt":{"rendered":"<p>Recubrimiento protector de alta reflectividad<\/p>\n","protected":false},"featured_media":482,"comment_status":"open","ping_status":"closed","template":"","meta":{"_joinchat":[]},"product_brand":[],"product_cat":[78,49],"product_tag":[51],"class_list":{"0":"post-1016","1":"product","2":"type-product","3":"status-publish","4":"has-post-thumbnail","6":"product_cat-asfaltico","7":"product_cat-impermeabilizantes","8":"product_tag-19-l","10":"first","11":"instock","12":"sale","13":"taxable","14":"shipping-taxable","15":"purchasable","16":"product-type-simple"},"jetpack_sharing_enabled":true,"_links":{"self":[{"href":"https:\/\/imperfester.com.mx\/tienda\/wp-json\/wp\/v2\/product\/1016","targetHints":{"allow":["GET"]}}],"collection":[{"href":"https:\/\/imperfester.com.mx\/tienda\/wp-json\/wp\/v2\/product"}],"about":[{"href":"https:\/\/imperfester.com.mx\/tienda\/wp-json\/wp\/v2\/types\/product"}],"replies":[{"embeddable":true,"href":"https:\/\/imperfester.com.mx\/tienda\/wp-json\/wp\/v2\/comments?post=1016"}],"wp:featuredmedia":[{"embeddable":true,"href":"https:\/\/imperfester.com.mx\/tienda\/wp-json\/wp\/v2\/media\/482"}],"wp:attachment":[{"href":"https:\/\/imperfester.com.mx\/tienda\/wp-json\/wp\/v2\/media?parent=1016"}],"wp:term":[{"taxonomy":"product_brand","embeddable":true,"href":"https:\/\/imperfester.com.mx\/tienda\/wp-json\/wp\/v2\/product_brand?post=1016"},{"taxonomy":"product_cat","embeddable":true,"href":"https:\/\/imperfester.com.mx\/tienda\/wp-json\/wp\/v2\/product_cat?post=1016"},{"taxonomy":"product_tag","embeddable":true,"href":"https:\/\/imperfester.com.mx\/tienda\/wp-json\/wp\/v2\/product_tag?post=1016"}],"curies":[{"name":"wp","href":"https:\/\/api.w.org\/{rel}","templated":true}]}}