{"id":265,"date":"2017-06-21T08:08:41","date_gmt":"2017-06-21T13:08:41","guid":{"rendered":"http:\/\/dummy.xtemos.com\/woodmart\/?page_id=265"},"modified":"2020-03-10T08:41:47","modified_gmt":"2020-03-10T14:41:47","slug":"comparar","status":"publish","type":"page","link":"https:\/\/imperfester.com.mx\/tienda\/comparar\/","title":{"rendered":"Comparar Productos"},"content":{"rendered":"\t\t\t\t\t<div class=\"woodmart-compare-table\">\n\t\t\t\t\t\t\t\t<p class=\"woodmart-empty-compare woodmart-empty-page\">\n\t\t\t\t\t\tCompare la lista est\u00e1 vac\u00eda.\t\t\t\t\t<\/p>\n\t\t\t\t\t\t\t\t\t\t\t<div class=\"woodmart-empty-page-text\">No hay productos para comparar. Debe agregar algunos para poder compararlos. <br> Encontrar\u00e1 muchos productos interesantes en nuestra p\u00e1gina \"Tienda\".<\/div>\n\t\t\t\t\t\t\t\t\t\t<p class=\"return-to-shop\">\n\t\t\t\t\t\t<a class=\"button\" href=\"https:\/\/imperfester.com.mx\/tienda\/tienda\/\">\n\t\t\t\t\t\t\tVolver a la tienda\t\t\t\t\t\t<\/a>\n\t\t\t\t\t<\/p>\n\t\t\t\t\t\t<\/div>\n\t\t\t\t\n","protected":false},"excerpt":{"rendered":"Compare la lista est\u00e1 vac\u00eda. No hay productos para comparar. Debe agregar algunos para poder compararlos. Encontrar\u00e1 muchos productos interesantes","protected":false},"author":1,"featured_media":0,"parent":0,"menu_order":0,"comment_status":"closed","ping_status":"closed","template":"","meta":{"_joinchat":[],"footnotes":""},"class_list":["post-265","page","type-page","status-publish","hentry"],"jetpack_sharing_enabled":true,"_links":{"self":[{"href":"https:\/\/imperfester.com.mx\/tienda\/wp-json\/wp\/v2\/pages\/265","targetHints":{"allow":["GET"]}}],"collection":[{"href":"https:\/\/imperfester.com.mx\/tienda\/wp-json\/wp\/v2\/pages"}],"about":[{"href":"https:\/\/imperfester.com.mx\/tienda\/wp-json\/wp\/v2\/types\/page"}],"author":[{"embeddable":true,"href":"https:\/\/imperfester.com.mx\/tienda\/wp-json\/wp\/v2\/users\/1"}],"replies":[{"embeddable":true,"href":"https:\/\/imperfester.com.mx\/tienda\/wp-json\/wp\/v2\/comments?post=265"}],"version-history":[{"count":2,"href":"https:\/\/imperfester.com.mx\/tienda\/wp-json\/wp\/v2\/pages\/265\/revisions"}],"predecessor-version":[{"id":1252,"href":"https:\/\/imperfester.com.mx\/tienda\/wp-json\/wp\/v2\/pages\/265\/revisions\/1252"}],"wp:attachment":[{"href":"https:\/\/imperfester.com.mx\/tienda\/wp-json\/wp\/v2\/media?parent=265"}],"curies":[{"name":"wp","href":"https:\/\/api.w.org\/{rel}","templated":true}]}}